True
Is 18272519 prime?
False
Is 167779553 a prime number?
True
Is 2970535 a composite number?
True
Is 11590979 prime?
True
Is 21219473 prime?
False
Is 8129749 a composite number?
True
Is 3546707 prime?
False
Is 16326683 a prime number?
True
Is 216947 a prime number?
True
Is 7028057 composite?
False
Is 391273 a prime number?
True
Is 4114819 a composite number?
False
Is 1895749 composite?
False
Is 453506563 a composite number?
True
Is 583577 a composite number?
False
Is 9935903 a prime number?
False
Is 31647209 a composite number?
True
Is 13764989 a prime number?
False
Is 11697131 a composite number?
False
Is 287445689 a prime number?
True
Is 21011441 a prime number?
False
Is 180881479 prime?
False
Is 14594323 composite?
True
Is 75233573 a prime number?
True
Is 4554787 prime?
False
Is 353523407 a composite number?
False
Is 389658085 prime?
False
Is 10218185 a composite number?
True
Is 7708774 prime?
False
Is 355063039 a composite number?
True
Is 3511923 composite?
True
Is 437381 composite?
True
Is 40581787 a composite number?
True
Is 1078891 prime?
False
Is 5133613 a composite number?
False
Is 6010427 a composite number?
False
Is 71916979 prime?
True
Is 13346519 prime?
True
Is 78872711 prime?
False
Is 252963641 a prime number?
False
Is 5023549 prime?
False
Is 249089 prime?
True
Is 85999 composite?
False
Is 5303899 composite?
True
Is 2983091 prime?
True
Is 6231907 a prime number?
False
Is 362333 composite?
False
Is 3319807 a prime number?
True
Is 5832523 prime?
True
Is 41932767 prime?
False
Is 30720263 a composite number?
True
Is 278867 composite?
False
Is 226162009 a prime number?
True
Is 7505309 a composite number?
True
Is 5834797 composite?
False
Is 2369803 prime?
False
Is 7866017 a composite number?
False
Is 306883 a prime number?
True
Is 41549243 a prime number?
True
Is 2160591 composite?
True
Is 48386519 a composite number?
True
Is 10554683 a composite number?
False
Is 5961199 a composite number?
False
Is 20082137 prime?
False
Is 39118567 a prime number?
True
Is 315117037 a composite number?
False
Is 179851 a prime number?
False
Is 46638859 composite?
False
Is 61023959 a prime number?
True
Is 293983 prime?
True
Is 2585747 a composite number?
True
Is 259300763 prime?
True
Is 7493693 a composite number?
True
Is 4847929 composite?
True
Is 4180771 prime?
False
Is 2921173 composite?
False
Is 1329509 prime?
True
Is 29903911 a composite number?
True
Is 1434107 a prime number?
True
Is 1759214 a composite number?
True
Is 205597867 a composite number?
False
Is 2850503 prime?
False
Is 36622757 prime?
False
Is 5484959 prime?
False
Is 2235907 a composite number?
False
Is 75933979 prime?
False
Is 722828273 a composite number?
True
Is 147471089 composite?
False
Is 11936863 prime?
False
Is 6896887 prime?
True
Is 150677 a prime number?
False
Is 404497823 composite?
False
Is 7292801 a prime number?
False
Is 9639887 prime?
True
Is 51545419 a composite number?
False
Is 3881711 composite?
False
Is 78260527 composite?
False
Is 1597727 prime?
False
Is 25104847 a prime number?
True
Is 11400377 composite?
False
Is 22816189 prime?
False
Is 49286443 a prime number?
True
Is 600815091 prime?
False
Is 9741503 a prime number?
False
Is 130187129 a prime number?
True
Is 1952593 a prime number?
False
Is 21554497 a composite number?
False
Is 436213 prime?
False
Is 1959493 a prime number?
False
Is 125926109 a prime number?
False
Is 297489721 a composite number?
True
Is 209621387 a composite number?
False
Is 27718667 a prime number?
False
Is 51917431 a composite number?
False
Is 585107 a prime number?
True
Is 306504221 prime?
True
Is 4205777 composite?
False
Is 7136069 a prime number?
True
Is 28839638 prime?
False
Is 6585049 prime?
False
Is 5805677 a composite number?
True
Is 9350431 composite?
True
Is 5493781 prime?
True
Is 93162589 a composite number?
True
Is 33392993 a composite number?
True
Is 9625403 a composite number?
False
Is 205812377 prime?
True
Is 8453801 composite?
True
Is 119997023 a prime number?
True
Is 183427559 prime?
False
Is 33527239 a composite number?
False
Is 23962223 a prime number?
False
Is 23292413 prime?
False
Is 55489849 a prime number?
True
Is 886819 prime?
True
Is 11223503 prime?
True
Is 1633531 a composite number?
False
Is 275623 prime?
True
Is 293986403 a prime number?
False
Is 160554707 a composite number?
False
Is 78732197 a composite number?
True
Is 131367407 composite?
False
Is 8761429 prime?
True
Is 93790633 a prime number?
True
Is 3356887 composite?
False
Is 5008921 a prime number?
False
Is 28266521 prime?
True
Is 3660299 prime?
False
Is 2582978 prime?
False
Is 2297863 a prime number?
True
Is 12253354 a composite number?
True
Is 1779781 a composite number?
True
Is 13242001 composite?
False
Is 3657149 a composite number?
True
Is 1087621 composite?
False
Is 205093118 a prime number?
False
Is 94283999 a prime number?
True
Is 3275149 prime?
False
Is 254843797 a prime number?
False
Is 14920463 composite?
True
Is 1365629 composite?
True
Is 12584881 a composite number?
False
Is 183402379 composite?
False
Is 1074823 prime?
False
Is 122809499 composite?
True
Is 5397607 a prime number?
False
Is 36713137 prime?
True
Is 642805871 prime?
True
Is 25521557 prime?
False
Is 3139973 composite?
True
Is 341405 a prime number?
False
Is 25074865 a prime number?
False
Is 6788011 prime?
False
Is 1568705161 a prime number?
False
Is 12235283 a prime number?
False
Is 525880177 a composite number?
False
Is 62268397 composite?
True
Is 8556629 a prime number?
True
Is 778087 a prime number?
False
Is 5296043 prime?
True
Is 3475609 a prime number?
False
Is 296839609 a prime number?
False
Is 23854951 composite?
False
Is 15027371 a composite number?
True
Is 5836237 a composite number?
True
Is 2619913 prime?
True
Is 5610277 composite?
False
Is 32875169 a composite number?
False
Is 9873818 composite?
True
Is 6921847 composite?
False
Is 129275969 a prime number?
True
Is 214962793 a composite number?
False
Is 400283511 prime?
False
Is 2303471 a composite number?
False
Is 52877797 a composite number?
True
Is 116421803 composite?
True
Is 6479953 prime?
True
Is 977046259 a prime number?
False
Is 6364339 composite?
False
Is 175623313 prime?
True
Is 93851 a composite number?
False
Is 531647 a composite number?
True
Is 296627 a prime number?
True
Is 1949179 composite?
False
Is 64704473 a composite number?
True
Is 6249193 prime?
True
Is 3474589 composite?
False
Is 136324007 prime?
False
Is 397087233 a prime number?
False
Is 32075531 prime?
True
Is 737503 a composite number?
True
Is 30372733 a prime number?
True
Is 27474109 a prime number?
False
Is 1905979 a prime number?
True
Is 7815229 composite?
True
Is 2682367 prime?
False
Is 13059547 prime?
True
Is 9957347 composite?
False
Is 844581 a composite number?
True
Is 13669671 prime?
False
Is 4892291 a prime number?
False
Is 196603233 a composite number?
True
Is 289719691 composite?
True
Is 70019699 prime?
True
Is 6865997 a prime number?
True
Is 6037271 a prime number?
True
Is 2303417 prime?
False
Is 32169981 composite?
True
Is 21829187 a composite number?
False
Is 1353449 a prime number?
True
Is 101652647 a prime number?
True
Is 6207479 a composite number?
True
Is 16448477 a prime number?
True
Is 333451031 a prime number?
True
Is 119749961 prime?
False
Is 2675167 a prime number?
False
Is 2590139 composite?
False
Is 2177407 composite?
True
Is 404565257 composite?
True
Is 30277727 a prime number?
True
Is 923393 composite?
True
Is 4088567 prime?
False
Is 16677046 a prime number?
False
Is 141313411 a composite number?
False
Is 6177399 a prime number?
False
Is 679531 composite?
False
Is 5698243 prime?
True
Is 93407113 a prime number?
False
Is 1233229 prime?
False
Is 91777433 a prime number?
False
Is 686347091 a composite number?
False
Is 1421554 a composite number?
True
Is 6693559 a prime number?
False
Is 5053813 composite?
True
Is 10347137 a composite number?
True
Is 41119451 a composite number?
True
Is 10721861 a prime number?
True
Is 51847483 prime?
True
Is 658403 prime?
True
Is 437835379 prime?
False
Is 822942881 composite?
True
Is 33287473 composite?
True
Is 7426441 prime?
False
Is 2369623 a composite number?
True
Is 203384891 a prime number?
True
Is 271274 a prime number?
False
Is 47629 prime?
True
Is 21483883 prime?
True
Is 104792